 1). Suppose -a = a - g. Suppose -a*h = -0*h - 315. Calculate the highest common divisor of h and 7.
7
Let c be -1*((2 - 31) + -3). Calculate the greatest common divisor of 16 and c.
16
Let b be (-57)/(-12) + 2/8. Let z be (184/(-20))/((-2)/b). Calculate the highest common factor of 253 and z.
23
Let g(b) = -19*b - 6. Let w be ((-1)/(-2))/(3/(-24)). Let x be g(w). Let n = x - 42. What is the highest common divisor of n and 70?
14
Suppose 2*s + 10 - 33 = -f, -5*s - 4*f = -50. Let o = s + -9. Calculate the highest common divisor of o and 45.
5
Let y(p) = 10*p - 5. Let v be y(5). What is the highest common factor of 18 and v?
9
Suppose 10*d - 15*d = -60. Calculate the greatest common factor of 36 and d.
12
Let i be 3 - (2 - (2 + 217)). Let v be 1*i*(-12)/(-16). Calculate the highest common divisor of v and 15.
15
Let k = 25 - 21. Calculate the highest common factor of 36 and k.
4
Let u(y) = -y**3 + 5*y**2 + 9*y - 6. Let j be u(6). Suppose 3*h - 662 = -2*h - 2*m, -4*h + 5*m = -523. What is the highest common divisor of j and h?
12
Suppose -3*j + 241 = -2*w, 5*j = 2*w + 118 + 277. Let z be -2 + -2 + (-4)/2. Let n = z - -13. Calculate the highest common factor of n and j.
7
Let c = 11 + -2. Calculate the highest common divisor of 27 and c.
9
Let v be 1 + 2 + 0 + 2. Suppose -v = -5*k - 4*l - 76, -4*l = 16. Let m = k - -18. Calculate the greatest common divisor of 63 and m.
7
Let l(k) = 2*k**2 + 5*k - 2. Let a = 5 - 9. Let p be l(a). Suppose 0 = c - 51 - 29. Calculate the greatest common divisor of c and p.
10
Let i(x) = -13*x - 3. Let y be i(-3). Let r = 66 - 47. Suppose 0 = 5*d - 2*n - 77 + r, -26 = -2*d - 2*n. What is the greatest common factor of y and d?
12
Let x(c) = -c - 1. Let q(w) = 4*w + 10. Let a(j) = -3*q(j) - 30*x(j). Let y be a(2). Calculate the greatest common divisor of 12 and y.
12
Suppose v + 2*u = 38, 3*v + 7*u - 104 = 3*u. Let i be ((-6)/(-4))/(2/56). Calculate the highest common factor of v and i.
14
Suppose 3*q = 4*u - 143, 0*u + q = 3*u - 101. Suppose u = 5*d + 7. What is the highest common factor of d and 5?
5
Suppose 679 = 3*f - 2*p, 5*p + 460 = -f + 3*f. Calculate the greatest common divisor of f and 45.
45
Suppose -3*o + 4*a + 149 = 2*o, -140 = -4*o - 2*a. Let k be (-11)/(3*(-1)/6). What is the highest common divisor of k and o?
11
Let f = 43 - -33. Calculate the highest common divisor of f and 19.
19
Let o(q) = -q**3 - 8*q**2 - 6*q + 2. Let b be o(-8). Let c be (-4)/8*(-22 + 2). Calculate the highest common divisor of b and c.
10
Let j(k) = k - 10. Let u be j(8). Let n be u - (-25 + -2) - -2. Calculate the highest common divisor of n and 3.
3
Let k be (-322)/(-16) + 15/(-120). Calculate the greatest common factor of 80 and k.
20
Suppose w + 2*w + 5*y - 308 = 0, -12 = -3*y. Let a(z) = -z**3 + 9*z**2 + 3*z - 76. Let k be a(8). What is the highest common factor of w and k?
12
Suppose -3 = -i, -g + 5*i - 19 = -3*g. Let p be 6*(0 - (-1)/g). Suppose p*o = 5*d - d - 24, 2*d = 3*o + 12. Calculate the highest common divisor of 9 and d.
3
Let a(y) = y**2 + 8*y + 6. Let j be a(-10). Calculate the highest common divisor of j and 286.
26
Let b = 5 + -2. Suppose 0*q = 5*q + 15, -b*c + 60 = -2*q. Calculate the highest common divisor of 12 and c.
6
Suppose -f - g = -26 - 5, -3*f - 5*g = -87. What is the highest common divisor of 85 and f?
17
Suppose 7*r - 5*r = 34. Let w = 22 - r. What is the highest common factor of 55 and w?
5
Suppose -5*j - 20 = -4*y, j - 1 = -5*y - 5. Let c be (3/(-3))/(j/16). Calculate the greatest common divisor of c and 28.
4
Let f be (2/(-6))/((-1)/24). Calculate the greatest common factor of 16 and f.
8
Suppose -3*r + 4 = 13. Let a(v) = -43*v - 3. Let y be a(r). What is the highest common factor of 14 and y?
14
Let v be ((-5)/3)/(2/(-6)). Suppose v*x - 16 = 44. Let c(n) = -28*n - 4. Let i be c(-4). Calculate the highest common factor of x and i.
12
Let m(c) = 4*c**2 + 10*c + 7. Let n(d) = d**2 + d. Let b(a) = m(a) - 5*n(a). Let v be b(5). Calculate the greatest common factor of 7 and v.
7
Let w(u) = u**2 - 4. Let n be w(4). What is the greatest common divisor of n and 12?
12
Suppose -t = t - 2. Let h(w) = 143*w**3 - w + 1. Let k be h(t). What is the highest common factor of 13 and k?
13
Let y be (-3 - -3)/((-2)/1). Suppose y*g = 2*g - 14. What is the greatest common factor of 35 and g?
7
Let s = -58 + 281. Suppose 5*d - 56 = 4*d - 2*p, 3*d - s = 5*p. Calculate the highest common factor of 6 and d.
6
Suppose -2*m = -5*v - m + 85, 3*v - 51 = 3*m. Calculate the highest common divisor of v and 119.
17
Let g be 1/((-1)/(0 + -7)). What is the greatest common factor of g and 77?
7
Suppose p - 2*p + 108 = 0. What is the greatest common divisor of p and 12?
12
Let f(q) = -9*q. Let l be f(-2). What is the highest common divisor of 9 and l?
9
Let p(l) = 13*l**3 + 2*l - 3 - l - 1 - 4*l**3. Let d be p(3). What is the highest common factor of d and 22?
22
Let a be 4*1/(-3)*-12. Let q be (180/a)/(6/16). What is the greatest common divisor of 12 and q?
6
Let z(q) = -5*q + 29. Let w be z(0). Calculate the greatest common divisor of w and 232.
29
Let b be 13979/35 - (-1 + (-14)/(-10)). What is the greatest common factor of b and 21?
21
Suppose 0 = -5*r - 20 - 0. Let m = r + 10. Suppose 0 = 7*a - 197 - 13. What is the highest common factor of m and a?
6
Suppose 0 = l + 3*l - 16. What is the greatest common factor of 20 and l?
4
Suppose 0 = 3*k + 41 - 158. Suppose 4*o + 4*r = 37 + k, -3 = 3*r. What is the greatest common divisor of 4 and o?
4
Let c be (119 - 3) + 2 + -3. Calculate the greatest common factor of 23 and c.
23
Suppose -4*k - 7 = -3*u, -3*u = 4*k - 4*u - 3. Suppose 2 = k*l - 0. Let v(g) = 23*g**3 - g. Let d be v(l). Calculate the highest common divisor of 55 and d.
11
Let r = -6 - -6. Suppose r - 13 = -v. Calculate the highest common factor of v and 13.
13
Let z be (-2 - 21/6)/(4/(-8)). Suppose 4*o + 2*h - h - 20 = 0, -5*o + 40 = 5*h. Suppose -o*t + z = 3. Calculate the greatest common factor of t and 8.
2
Suppose 4*j + 34 = -14. Let t be j/18 + 167/3. Calculate the greatest common divisor of t and 22.
11
Let k(y) = -y**2 + 4*y. Let o be k(4). Suppose o*s - 154 = -s. Calculate the greatest common divisor of 14 and s.
14
Suppose -84 = 5*q - 474. Suppose -4*j - 3*l + q = -j, 110 = 4*j - 2*l. Let r = 24 + -6. What is the greatest common divisor of r and j?
9
Let j = -19 - -64. What is the greatest common factor of j and 9?
9
Let f = 11 - 4. Suppose -4*a + 31 = -3*n, a + 4*n - n = 4. What is the highest common factor of f and a?
7
Let o(h) = 5*h. Suppose i + 5 = 3*f, -4*i = -i - 5*f + 7. Let t be o(i). Calculate the greatest common factor of t and 1.
1
Suppose q = 4*b - 9 - 4, -4*b = 2*q + 2. Let v be ((-12)/7)/(b/(-28)). Calculate the greatest common divisor of v and 6.
6
Let z be -2 - ((-3)/1 + 4). Let v be (-1 - z) + 2 - 3. Calculate the greatest common factor of v and 8.
1
Suppose 0 = -4*z + 5*p + 68, -5*z - 20 = 4*p - 64. Let t be (61 - 1)*8/z. Calculate the greatest common factor of 5 and t.
5
Let k = -7 + 14. Let g = -3 + k. Calculate the highest common factor of g and 44.
4
Let f = 481 + -238. Calculate the highest common factor of f and 27.
27
Suppose 0 = -l - 5*t + 3*t + 32, -3*t = -3*l + 132. Suppose -4*d - 2*u = d - 85, d + 5*u = l. Let x = 0 - -6. Calculate the greatest common factor of d and x.
3
Let x(i) = 26*i**3 - i. Let f be x(1). Calculate the greatest common divisor of f and 25.
25
Let r be (-144)/(-15) + 4/10. Suppose -92*f = -91*f - 4. What is the greatest common factor of r and f?
2
Let h = 47 - 29. What is the highest common divisor of 9 and h?
9
Let m(i) = -23*i - 12. Let k be m(-3). What is the highest common factor of 38 and k?
19
Suppose 3*r + g - 771 = 2*g, -5*r = 5*g - 1305. Suppose -157 = -5*w + r. Let z = w - 27. What is the greatest common divisor of 8 and z?
8
Let i = -4 + 7. Suppose -i*j + 3 = -5*x - 36, 5*x + 15 = 0. Suppose -j*y + 16 = -4*y. Calculate the highest common divisor of y and 2.
2
Let a = 9 + 0. Let u be 58/18 - 2/a. Let p be u*(-2)/2*-1. Calculate the highest common divisor of p and 27.
3
Let i(c) = 2*c**2 - 2*c + 1. Let q be i(-2). Let s be 38 - 1/(-2)*2. What is the highest common divisor of q and s?
13
Let b = -139 + 209. What is the highest common divisor of b and 28?
